s -11 + 11220220111321?
11220220111310
In base 13, what is 3a5 - -3725?
3aca
In base 8, what is -366032 - -35?
-365775
In base 8, what is -14 + -56023422?
-56023436
In base 12, what is -1a6000 - -56?
-1a5b66
In base 15, what is 3b76485 - 0?
3b76485
In base 8, what is -15427332 + -17?
-15427351
In base 13, what is 38b5 + -9c6?
2bbc
In base 10, what is -1197 + 67869?
66672
In base 10, what is -68 - 42361?
-42429
In base 14, what is -2b0c83 - -5?
-2b0c7c
In base 8, what is 12117527 - -4?
12117533
In base 15, what is -22b9 - a826?
-cae0
In base 4, what is 10333211230 - -13?
10333211303
In base 9, what is 162277 + -103?
162174
In base 14, what is 26112809 + 2?
2611280b
In base 11, what is 9682159 + -19?
9682140
In base 8, what is -12 - -1121077?
1121065
In base 15, what is 2 + 207968b?
207968d
In base 7, what is -5 + -441226341?
-441226346
In base 5, what is 212 + 4313130?
4313342
In base 9, what is 1102 + 1625?
2727
In base 8, what is -1114 - -10053?
6737
In base 8, what is -223 - -405224?
405001
In base 11, what is 8357 - -63960?
71207
In base 3, what is -10200 - 21121211?
-21202111
In base 11, what is 3225820a - 4?
32258206
In base 10, what is -62055 - -15?
-62040
In base 15, what is -6 + -1c1d4?
-1c1da
In base 12, what is 3583968 + 1?
3583969
In base 13, what is 2 + -199177?
-199175
In base 5, what is 13412 - -441333?
1010300
In base 5, what is -4 - 32200141?
-32200200
In base 11, what is 25 + 781a181?
781a1a6
In base 8, what is -245616716 - 3?
-245616721
In base 7, what is 215 - 13361130?
-13360612
In base 7, what is -22214 - 13064?
-35311
In base 8, what is 170 - -73401?
73571
In base 11, what is -156546550 - 5?
-156546555
In base 16, what is -21e0bb6 - -4?
-21e0bb2
In base 4, what is 10110 + -22001101?
-21330331
In base 6, what is 1 + 13410354540?
13410354541
In base 9, what is -2 + 523238457?
523238455
In base 4, what is -21222 - -13231012?
13203130
In base 5, what is -4 - -113322024?
113322020
In base 16, what is -3cca36 + -5?
-3cca3b
In base 16, what is -15939 - -3eb?
-1554e
In base 7, what is 1 + 55463611?
55463612
In base 9, what is 343586707 - -1?
343586708
In base 9, what is 711282225 - 3?
711282222
In base 7, what is -141504562 - -1?
-141504561
In base 12, what is 25760100 + -2?
257600ba
In base 9, what is -10887074 - 16?
-10887101
In base 14, what is 0 + a41111a?
a41111a
In base 12, what is 188a - 205?
1685
In base 11, what is -1111 + -a94?
-20a5
In base 8, what is -3726647302 - -4?
-3726647276
In base 13, what is -c - -10b7004?
10b6cc5
In base 5, what is 13 - 123011004012?
-123011003444
In base 14, what is -677275 + 36?
-67723d
In base 6, what is 30542 - 202330?
-131344
In base 2, what is -1100 + -1000000000001011010?
-1000000000001100110
In base 15, what is 1 + -30a10?
-30a0e
In base 11, what is 465a6 + aa?
466a5
In base 2, what is 11010110100101111101 - 1110?
11010110100101101111
In base 14, what is -d9a - -11935?
10979
In base 12, what is b8 - -79189?
79285
In base 4, what is -222010210 - -11120?
-221333030
In base 3, what is -2010220 + 1011212112?
1002201122
In base 15, what is -8 - -5656b54?
5656b4b
In base 2, what is 10110000100 + 11101010011?
110011010111
In base 6, what is -11235 - 514?
-12153
In base 11, what is -199698 + -aa?
-199797
In base 5, what is -12410 + -11133210?
-11201120
In base 12, what is -2049987 + 3?
-2049984
In base 6, what is 11 - -5543350424?
5543350435
In base 13, what is -10ca7b2 + 3?
-10ca7ac
In base 5, what is -4444431 + -30?
-10000011
In base 7, what is 225 + 53346?
53604
In base 13, what is 8083 + 10?
8093
In base 6, what is -23242015425 + 2?
-23242015423
In base 7, what is 10065232 + 104?
10065336
In base 6, what is -202013 - 251?
-202304
In base 14, what is 3 + 3d287c?
3d2881
In base 3, what is -2110 + -101202220001020?
-101202220010200
In base 16, what is -c6fbe2 - 54?
-c6fc36
In base 8, what is 353 + -14465?
-14112
In base 16, what is -16e04 - -212?
-16bf2
In base 15, what is 100d59 + 59?
100db3
In base 10, what is 1123 + 138656?
139779
In base 2, what is -11 - 11010001101100010010?
-11010001101100010101
In base 11, what is -634a0a0 + 9?
-634a092
In base 8, what is -2363013 + 34?
-2362757
In base 8, what is 256 - -10411?
10667
In base 10, what is 5 + -187351679?
-187351674
In base 14, what is -63a + -85805?
-86041
In base 4, what is -12023321020013 - 10?
-12023321020023
In base 12, what is -12 + -112071?
-112083
In base 7, what is 5333 + 16250?
24613
In base 4, what is 33 - -331130333331?
331131000030
In base 2, what is 111010110 + 11111101101011010?
11111110100110000
In base 7, what is 134 - -23016440?
23016604
In base 9, what is -110408 + 127?
-110271
In base 13, what is -1c80974 + 1?
-1c80973
In base 6, what is 3401222451 + 0?
3401222451
In base 4, what is -110010020031 - -102?
-110010013323
In base 11, what is 275 + a6077?
a6341
In base 13, what is -2b - -18783?
18755
In base 10, what is -985294 - -13?
-985281
In base 16, what is c7 + 4ee0?
4fa7
In base 9, what is 405824 + -468?
405345
In base 3, what is -12112111212121 + 20?
-12112111212101
In base 5, what is -111112341 - -34?
-111112302
In base 8, what is -2746 - -175001?
172033
In base 2, what is -1011 + 11010001111101101010?
11010001111101011111
In base 7, what is 15 + 1230260614?
1230260632
In base 9, what is 3128 - -810?
4038
In base 10, what is -71525 - -37?
-71488
In base 2, what is -101000100101011010100010 - -11?
-101000100101011010011111
In base 2, what is 11 + 1000010010111110011101101100?
1000010010111110011101101111
In base 6, what is 5502311 - 4?
5502303
In base 3, what is 120011000221 - 2211102?
120001012112
In base 2, what is 1 - -1000101100100011001101?
1000101100100011001110
In base 7, what is 601131 + 15?
601146
In base 11, what is -373204 + -32?
-373236
In base 10, what is 3 + 9322633?
9322636
In base 2, what is 100 + -1100000110110001100?
-1100000110110001000
In base 15, what is 268 - 2032?
-1cb9
In base 16, what is -1 - -9a370?
9a36f
In base 6, what is -2015434 + 100?
-2015334
In base 8, what is 6212 + -453050?
-444636
In base 5, what is -24131 - 341331?
-421012
In base 2, what is -1001101 + 11011000001100000?
11011000000010011
In base 13, what is 94601 + 54c?
94b50
In base 16, what is -5 - 29f0d5?
-29f0da
In base 5, what is -10 - 241232313303?
-241232313313
In base 12, what is -2b + b839123?
b8390b4
In base 16, what is -1eb - 5c3e3?
-5c5ce
In base 10, what is -122815 + 1144?
-121671
In base 3, what is -11 - -102011011121?
102011011110
In base 4, what is 20310232230 - 32?
20310232132
In base 11, what is a775652 + 8?
a77565a
In base 14, what is -147860 + -78?
-1478d8
In base 7, what is 13145354206 + -2?
13145354204
In base 10, what is 8 + 247961?
247969
In base 15, what is 9907457 + -9?
990744d
In base 9, what is -15 - 11502507?
-11502523
In base 8, what is 0 + 2367447?
2367447
In base 6, what is 142244354224 - 3?
142244354221
In base 12, what is -2a37285 - -2?
-2a37283
In base 15, what is 323 - -2be4e?
2c272
In base 9, what is 61775 - 145?
61630
In base 10, what is 4 - 1290882?
-1290878
In base 14, what is a2 + 9761d?
976c1
In base 4, what is -131032101312300 + 0?
-131032101312300
In base 2, what is -1010 + 1001101101110110100100?
1001101101110110011010
In base 11, what is 9 + -19321693?
-19321685
In base 16, what is 43e - -8829?
8c67
In base 10, what is -7005527 + 3?
-7005524
In base 3, what is 0 + 2002212121212?
2002212121212
In base 15, what is -1 - 16aecb34?
-16aecb35
In base 11, what is 311 - -a4258?
a4569
In base 12, what is -a12480 - 0?
-a12480
In base 8, what is 5252143 + 46?
5252211
In base 8, what is 10676 + -11146?
-250
In base 14, what is cba67 + 876?
cc4dd
In base 13, what is 3b8 - -6302?
66ba
In base 8, what is -137357 - 3037?
-142416
In base 6, what is -2411 - 10332005?
-10334420
In base 2, what is 1 + -100100111001000111111110010?
-100100111001000111111110001
In base 3, what is 1210111212 - -100112112?
2011001101
In base 13, what is 2a4a3 + 9ca?
2b1a0
In base 8, what is -150451541 - 5?
-150451546
In base 16, what is -78af5d7 - 5?
-78af5dc
In base 14, what is b51 + 329a?
400b
In base 9, what is 1874 - -1007361?
1010345
In base 2, what is -11100101010111110000010001 - -1001?
-11100101010111110000001000
In base 16, what is 1b + 2d2449?
2d2464
In base 10, what is -109855985 + -3?
-109855988
In base 10